
{"id":15,"date":"2017-04-04T12:01:29","date_gmt":"2017-04-04T10:01:29","guid":{"rendered":"https:\/\/przedszkole62.edu.wroclaw.pl\/?page_id=15"},"modified":"2023-11-28T13:19:14","modified_gmt":"2023-11-28T12:19:14","slug":"glowna","status":"publish","type":"page","link":"https:\/\/przedszkole62.edu.wroclaw.pl\/","title":{"rendered":"Strona g\u0142\u00f3wna"},"content":{"rendered":"<div class=\"wpb-content-wrapper\"><p>[vc_row][vc_column width=&#8221;1\/4&#8243;][vc_icon icon_fontawesome=&#8221;fas fa-child&#8221; color=&#8221;custom&#8221; background_style=&#8221;rounded-outline&#8221; background_color=&#8221;custom&#8221; size=&#8221;xl&#8221; align=&#8221;center&#8221; custom_color=&#8221;#ad6127&#8243; custom_background_color=&#8221;#ad6127&#8243; link=&#8221;url:https%3A%2F%2Fprzedszkole62.edu.wroclaw.pl%2Findex.php%2Fnasza-misja%2F|title:Nasza%20misja&#8221;][vc_column_text css=&#8221;.vc_custom_1701171706889{margin-top: -40px !important;}&#8221;]<\/p>\n<h2 style=\"text-align: center;\"><span style=\"color: #ad6127;\">Nasza misja<\/span><span style=\"color: #b72626;\"><br \/>\n<\/span><\/h2>\n<p>[\/vc_column_text][\/vc_column][vc_column width=&#8221;1\/4&#8243;][vc_icon icon_fontawesome=&#8221;fas fa-utensils&#8221; color=&#8221;custom&#8221; background_style=&#8221;rounded-outline&#8221; background_color=&#8221;custom&#8221; size=&#8221;xl&#8221; align=&#8221;center&#8221; custom_color=&#8221;#13636d&#8221; custom_background_color=&#8221;#13636d&#8221; link=&#8221;url:https%3A%2F%2Fprzedszkole62.edu.wroclaw.pl%2Findex.php%2Fjadlospis%2F|title:Jad%C5%82ospis&#8221;][vc_column_text css=&#8221;.vc_custom_1701171611218{margin-top: -40px !important;}&#8221;]<\/p>\n<h2 style=\"text-align: center;\"><span style=\"color: #13636d;\">Jad\u0142ospis<\/span><\/h2>\n<p>[\/vc_column_text][\/vc_column][vc_column width=&#8221;1\/4&#8243;][vc_icon icon_fontawesome=&#8221;fas fa-layer-group&#8221; color=&#8221;custom&#8221; background_style=&#8221;rounded-outline&#8221; background_color=&#8221;custom&#8221; size=&#8221;xl&#8221; align=&#8221;center&#8221; custom_color=&#8221;#aa2266&#8243; custom_background_color=&#8221;#aa2266&#8243; link=&#8221;url:https%3A%2F%2Fprzedszkole62.edu.wroclaw.pl%2Findex.php%2Frodo%2F|title:RODO&#8221;][vc_column_text css=&#8221;.vc_custom_1701171148590{margin-top: -40px !important;}&#8221;]<\/p>\n<h2 style=\"text-align: center;\"><span style=\"color: #aa2266;\">RODO<\/span><\/h2>\n<p>[\/vc_column_text][\/vc_column][vc_column width=&#8221;1\/4&#8243;][vc_icon icon_fontawesome=&#8221;fas fa-user-graduate&#8221; color=&#8221;custom&#8221; background_style=&#8221;rounded-outline&#8221; background_color=&#8221;custom&#8221; size=&#8221;xl&#8221; align=&#8221;center&#8221; custom_color=&#8221;#1e73be&#8221; custom_background_color=&#8221;#1e73be&#8221; link=&#8221;url:https%3A%2F%2Fwww.wroclaw.pl%2Fdla-mieszkanca%2Frekrutacja-szkoly-i-przedszkola-wroclaw|title:Rekrutacja|target:_blank&#8221;][vc_column_text css=&#8221;.vc_custom_1701171464444{margin-top: -40px !important;}&#8221;]<\/p>\n<h2 style=\"text-align: center;\"><span style=\"color: #1e73be;\">Rekrutacja<\/span><\/h2>\n<p>[\/vc_column_text][\/vc_column][\/vc_row][vc_row][vc_column width=&#8221;1\/12&#8243;][\/vc_column][vc_column width=&#8221;1\/2&#8243;][vc_column_text]<\/p>\n<h1 style=\"text-align: center;\"><span style=\"font-size: 42pt;\">O Przedszkolu<\/span><\/h1>\n<p>[\/vc_column_text][vc_separator color=&#8221;custom&#8221; border_width=&#8221;4&#8243; el_width=&#8221;50&#8243; accent_color=&#8221;#127341&#8243; css=&#8221;.vc_custom_1701172624989{margin-top: -30px !important;}&#8221;][vc_column_text]Przedszkole nr 62 \u201eStumilowy Las\u201d znajduje si\u0119 w rejonie osiedla Stab\u0142owice. Budynek zlokalizowany przy ul. Stab\u0142owickiej 97, gdzie mieszcz\u0105 si\u0119 3 oddzia\u0142y przedszkolne.<\/p>\n<p>Jest to du\u017cy budynek, z pi\u0119knymi klimatycznymi salami, jego atutem jest przepi\u0119kny zazieleniony ogr\u00f3d przedszkolny wyposa\u017cony w bogaty sprz\u0119t zabawowy.<\/p>\n<p>Przedszkole korzysta&nbsp;z w\u0142asnej kuchni i serwuje dzieciom codziennie \u015bwie\u017co przygotowane dania. Stawiamy na kuchni\u0119 zdrow\u0105, ale te\u017c smaczn\u0105 i dzia\u0142aj\u0105c\u0105 na podstawie obowi\u0105zuj\u0105cych przepis\u00f3w. Serwujemy \u015bwie\u017ce, naturalne i nieprzetworzone produkty, uwzgl\u0119dniaj\u0105c indywidualne uwarunkowania \u017cywieniowe dzieci.<\/p>\n<p>Kadr\u0119 przedszkola stanowi\u0105 wykszta\u0142cone, tw\u00f3rcze, ambitne nauczycielki zaanga\u017cowane w prac\u0119 z dzie\u0107mi i dla dzieci. Dbaj\u0105 o ka\u017cdego wychowanka, umiej\u0119tnie obserwuj\u0105 i dokumentuj\u0105 post\u0119py rozwoju dziecka, celem lepszego stymulowania jego edukacji. Stale pog\u0142\u0119biaj\u0105 swoj\u0105 wiedz\u0119 bior\u0105c udzia\u0142 w licznych warsztatach i szkoleniach. Opr\u00f3cz nauczycieli wychowania przedszkolnego, plac\u00f3wka zatrudnia tak\u017ce specjalist\u00f3w: logoped\u0119, pedagoga specjalnego i nauczyciela gimnastyki og\u00f3lnorozwojowej.[\/vc_column_text][\/vc_column][vc_column width=&#8221;1\/3&#8243;][vc_empty_space height=&#8221;120px&#8221;][vc_column_text]<img loading=\"lazy\" decoding=\"async\" class=\"aligncenter wp-image-1273 size-medium\" src=\"https:\/\/przedszkole62.edu.wroclaw.pl\/wp-content\/uploads\/sites\/26\/2020\/09\/animals-294x300.png\" alt=\"\" width=\"294\" height=\"300\" srcset=\"https:\/\/przedszkole62.edu.wroclaw.pl\/wp-content\/uploads\/sites\/26\/2020\/09\/animals-294x300.png 294w, https:\/\/przedszkole62.edu.wroclaw.pl\/wp-content\/uploads\/sites\/26\/2020\/09\/animals-50x50.png 50w, https:\/\/przedszkole62.edu.wroclaw.pl\/wp-content\/uploads\/sites\/26\/2020\/09\/animals.png 498w\" sizes=\"auto, (max-width: 294px) 100vw, 294px\" \/>[\/vc_column_text][\/vc_column][\/vc_row][vc_row disable_element=&#8221;yes&#8221;][vc_column][vc_column_text]<\/p>\n<p style=\"text-align: center;\"><b>Czy\u015bciochowe Przedszkole to program edukacyjny dla przedszkoli w&nbsp;ca\u0142ej Polsce<\/b>,<br class=\"d-none d-lg-block\">organizowany przez firm\u0119&nbsp;<a href=\"https:\/\/www.rossmann.pl\/\" target=\"_blank\" rel=\"noopener noreferrer\">Rossmann<\/a>&nbsp;w&nbsp;ramach&nbsp;<a class=\"font-bold text-primary\" href=\"https:\/\/www.rossmann.pl\/rossne\" target=\"_blank\" rel=\"noopener noreferrer\">programu Rossn\u0119! Junior<\/a>.<\/p>\n<p style=\"text-align: center;\">Czytaj wi\u0119cej&#8230;<\/p>\n<p style=\"text-align: center;\"><a href=\"https:\/\/przedszkole62.edu.wroclaw.pl\/?page_id=20\" target=\"_blank\" rel=\"noopener noreferrer\">Aktualno\u015bci<\/a><\/p>\n<p>[\/vc_column_text][\/vc_column][\/vc_row]<\/p>\n<\/div>","protected":false},"excerpt":{"rendered":"<p>[vc_row][vc_column width=&#8221;1\/4&#8243;][vc_icon icon_fontawesome=&#8221;fas fa-child&#8221; color=&#8221;custom&#8221; background_style=&#8221;rounded-outline&#8221; background_color=&#8221;custom&#8221; size=&#8221;xl&#8221; align=&#8221;center&#8221; custom_color=&#8221;#ad6127&#8243; custom_background_color=&#8221;#ad6127&#8243; link=&#8221;url:https%3A%2F%2Fprzedszkole62.edu.wroclaw.pl%2Findex.php%2Fnasza-misja%2F|title:Nasza%20misja&#8221;][vc_column_text css=&#8221;.vc_custom_1701171706889{margin-top: -40px !important;}&#8221;] Nasza misja [\/vc_column_text][\/vc_column][vc_column width=&#8221;1\/4&#8243;][vc_icon icon_fontawesome=&#8221;fas fa-utensils&#8221; color=&#8221;custom&#8221; background_style=&#8221;rounded-outline&#8221; background_color=&#8221;custom&#8221; size=&#8221;xl&#8221; align=&#8221;center&#8221; custom_color=&#8221;#13636d&#8221; custom_background_color=&#8221;#13636d&#8221; link=&#8221;url:https%3A%2F%2Fprzedszkole62.edu.wroclaw.pl%2Findex.php%2Fjadlospis%2F|title:Jad%C5%82ospis&#8221;][vc_column_text css=&#8221;.vc_custom_1701171611218{margin-top: [&hellip;]<\/p>\n","protected":false},"author":15,"featured_media":0,"parent":0,"menu_order":0,"comment_status":"closed","ping_status":"closed","template":"page-templates\/page-full-width.php","meta":{"ngg_post_thumbnail":0,"footnotes":""},"class_list":["post-15","page","type-page","status-publish","hentry","clearfix"],"_links":{"self":[{"href":"https:\/\/przedszkole62.edu.wroclaw.pl\/index.php\/wp-json\/wp\/v2\/pages\/15","targetHints":{"allow":["GET"]}}],"collection":[{"href":"https:\/\/przedszkole62.edu.wroclaw.pl\/index.php\/wp-json\/wp\/v2\/pages"}],"about":[{"href":"https:\/\/przedszkole62.edu.wroclaw.pl\/index.php\/wp-json\/wp\/v2\/types\/page"}],"author":[{"embeddable":true,"href":"https:\/\/przedszkole62.edu.wroclaw.pl\/index.php\/wp-json\/wp\/v2\/users\/15"}],"replies":[{"embeddable":true,"href":"https:\/\/przedszkole62.edu.wroclaw.pl\/index.php\/wp-json\/wp\/v2\/comments?post=15"}],"version-history":[{"count":86,"href":"https:\/\/przedszkole62.edu.wroclaw.pl\/index.php\/wp-json\/wp\/v2\/pages\/15\/revisions"}],"predecessor-version":[{"id":2324,"href":"https:\/\/przedszkole62.edu.wroclaw.pl\/index.php\/wp-json\/wp\/v2\/pages\/15\/revisions\/2324"}],"wp:attachment":[{"href":"https:\/\/przedszkole62.edu.wroclaw.pl\/index.php\/wp-json\/wp\/v2\/media?parent=15"}],"curies":[{"name":"wp","href":"https:\/\/api.w.org\/{rel}","templated":true}]}}