
{"id":5199,"date":"2025-10-07T12:17:22","date_gmt":"2025-10-07T10:17:22","guid":{"rendered":"https:\/\/przedszkole62.edu.wroclaw.pl\/?page_id=5199"},"modified":"2025-10-07T16:24:14","modified_gmt":"2025-10-07T14:24:14","slug":"dla-rodzicow","status":"publish","type":"page","link":"https:\/\/przedszkole62.edu.wroclaw.pl\/index.php\/dla-rodzicow\/","title":{"rendered":"Dla Rodzic\u00f3w"},"content":{"rendered":"<p><b><span data-olk-copy-source=\"MessageBody\">Pilota\u017c \u201eZdalny Psycholog\u201d w naszym przedszkolu<\/span><\/b><br \/>\nSzanowni Pa\u0144stwo,<br \/>\nz przyjemno\u015bci\u0105 informujemy, \u017ce nasze przedszkole bierze udzia\u0142 w pilota\u017cowym programie\u00a0<b>\u201eZdalny Psycholog\u201d<\/b>, realizowanym przez Fundacj\u0119 Wsp\u00f3lnie dla Sprawy.<br \/>\nCelem projektu jest zapewnienie wsparcia psychologicznego dzieciom oraz ich rodzicom w sytuacjach trudnych, a tak\u017ce zwi\u0119kszenie dost\u0119pno\u015bci pomocy psychologicznej online \u2014 w spos\u00f3b szybki i bezpieczny.<br \/>\n<b>W ramach programu oferujemy:<\/b><br \/>\n\u00b7\u00a0\u00a0\u00a0\u00a0\u00a0\u00a0\u00a0\u00a0<b>dost\u0119p do<\/b>\u00a0<b>bajek terapeutycznych odczytywanych online &#8211;\u00a0<\/b>pierwsze czytanie\u00a0<b>6 pa\u017adziernika 2025 o godzinie 19:00<\/b><br \/>\n\u00b7\u00a0\u00a0\u00a0\u00a0\u00a0\u00a0\u00a0\u00a0<b>dost\u0119p do bezp\u0142atnych webinar\u00f3w i live-sesji<\/b>\u00a0po\u015bwi\u0119conych tematyce zdrowia psychicznego oraz rozwoju dziecka &#8211; \u00a0rozpoczynaj\u0105ce si\u0119\u00a0<b>7 pa\u017adziernika 2025 r. o godzinie 17:00<\/b><br \/>\n<b>Jak skorzysta\u0107?<\/b><br \/>\nNa stronie internetowej naszego przedszkola zosta\u0142a umieszczona specjalna\u00a0<b>wtyczka (widget)<\/b>, kt\u00f3ra umo\u017cliwia:<br \/>\n\u00b7\u00a0\u00a0\u00a0\u00a0\u00a0\u00a0\u00a0\u00a0do\u0142\u0105czenie do webinaru lub live-sesji.<br \/>\nUdzia\u0142 w programie oraz wszystkie oferowane formy wsparcia s\u0105\u00a0<b>bezp\u0142atne dla dzieci i rodzic\u00f3w<\/b>\u00a0do ko\u0144ca grudnia 2025 r.<br \/>\nW przypadku pyta\u0144 lub potrzeby uzyskania dodatkowych informacji, pozostajemy do Pa\u0144stwa dyspozycji.<br \/>\nZach\u0119camy do korzystania z dost\u0119pnych form wsparcia.<\/p>\n","protected":false},"excerpt":{"rendered":"<p>Pilota\u017c \u201eZdalny Psycholog\u201d w naszym przedszkolu Szanowni Pa\u0144stwo, z przyjemno\u015bci\u0105 informujemy, \u017ce nasze przedszkole bierze udzia\u0142 w pilota\u017cowym programie\u00a0\u201eZdalny Psycholog\u201d, realizowanym przez Fundacj\u0119 Wsp\u00f3lnie dla Sprawy. Celem projektu jest zapewnienie [&hellip;]<\/p>\n","protected":false},"author":7,"featured_media":0,"parent":0,"menu_order":0,"comment_status":"closed","ping_status":"closed","template":"","meta":{"ngg_post_thumbnail":0,"footnotes":""},"class_list":["post-5199","page","type-page","status-publish","hentry","clearfix"],"_links":{"self":[{"href":"https:\/\/przedszkole62.edu.wroclaw.pl\/index.php\/wp-json\/wp\/v2\/pages\/5199","targetHints":{"allow":["GET"]}}],"collection":[{"href":"https:\/\/przedszkole62.edu.wroclaw.pl\/index.php\/wp-json\/wp\/v2\/pages"}],"about":[{"href":"https:\/\/przedszkole62.edu.wroclaw.pl\/index.php\/wp-json\/wp\/v2\/types\/page"}],"author":[{"embeddable":true,"href":"https:\/\/przedszkole62.edu.wroclaw.pl\/index.php\/wp-json\/wp\/v2\/users\/7"}],"replies":[{"embeddable":true,"href":"https:\/\/przedszkole62.edu.wroclaw.pl\/index.php\/wp-json\/wp\/v2\/comments?post=5199"}],"version-history":[{"count":4,"href":"https:\/\/przedszkole62.edu.wroclaw.pl\/index.php\/wp-json\/wp\/v2\/pages\/5199\/revisions"}],"predecessor-version":[{"id":5204,"href":"https:\/\/przedszkole62.edu.wroclaw.pl\/index.php\/wp-json\/wp\/v2\/pages\/5199\/revisions\/5204"}],"wp:attachment":[{"href":"https:\/\/przedszkole62.edu.wroclaw.pl\/index.php\/wp-json\/wp\/v2\/media?parent=5199"}],"curies":[{"name":"wp","href":"https:\/\/api.w.org\/{rel}","templated":true}]}}

Dla Rodziców

<p><b><span data-olk-copy-source="MessageBody">Pilotaż „Zdalny Psycholog” w naszym przedszkolu</span></b><br />
Szanowni Państwo,<br />
z przyjemnością informujemy, że nasze przedszkole bierze udział w pilotażowym programie <b>„Zdalny Psycholog”</b>, realizowanym przez Fundację Wspólnie dla Sprawy.<br />
Celem projektu jest zapewnienie wsparcia psychologicznego dzieciom oraz ich rodzicom w sytuacjach trudnych, a także zwiększenie dostępności pomocy psychologicznej online — w sposób szybki i bezpieczny.<br />
<b>W ramach programu oferujemy:</b><br />
·        <b>dostęp do</b> <b>bajek terapeutycznych odczytywanych online &#8211; </b>pierwsze czytanie <b>6 października 2025 o godzinie 19:00</b><br />
·        <b>dostęp do bezpłatnych webinarów i live-sesji</b> poświęconych tematyce zdrowia psychicznego oraz rozwoju dziecka &#8211;  rozpoczynające się <b>7 października 2025 r. o godzinie 17:00</b><br />
<b>Jak skorzystać?</b><br />
Na stronie internetowej naszego przedszkola została umieszczona specjalna <b>wtyczka (widget)</b>, która umożliwia:<br />
·        dołączenie do webinaru lub live-sesji.<br />
Udział w programie oraz wszystkie oferowane formy wsparcia są <b>bezpłatne dla dzieci i rodziców</b> do końca grudnia 2025 r.<br />
W przypadku pytań lub potrzeby uzyskania dodatkowych informacji, pozostajemy do Państwa dyspozycji.<br />
Zachęcamy do korzystania z dostępnych form wsparcia.</p>

<p>Pilotaż „Zdalny Psycholog” w naszym przedszkolu Szanowni Państwo, z przyjemnością informujemy, że nasze przedszkole bierze udział w pilotażowym programie „Zdalny Psycholog”, realizowanym przez Fundację Wspólnie dla Sprawy. Celem projektu jest zapewnienie [&hellip;]</p>
