
{"id":68,"date":"2017-04-05T13:45:29","date_gmt":"2017-04-05T11:45:29","guid":{"rendered":"https:\/\/przedszkole62.edu.wroclaw.pl\/?page_id=68"},"modified":"2024-01-15T07:47:41","modified_gmt":"2024-01-15T06:47:41","slug":"zajecia-dodatkowe","status":"publish","type":"page","link":"https:\/\/przedszkole62.edu.wroclaw.pl\/index.php\/zajecia-dodatkowe\/","title":{"rendered":"Zaj\u0119cia dodatkowe"},"content":{"rendered":"<div class=\"wpb-content-wrapper\"><p>[vc_row][vc_column][vc_column_text css_animation=&#8221;fadeInUp&#8221;]<span style=\"font-size: 14pt;color: #ff00ff\"><strong>ZAJ\u0118CIA DODATKOWE<\/strong><\/span><\/p>\n<p><img loading=\"lazy\" decoding=\"async\" class=\"alignnone wp-image-2625\" src=\"https:\/\/przedszkole62.edu.wroclaw.pl\/wp-content\/uploads\/sites\/26\/2024\/01\/Zdjecie12-300x169.jpg\" alt=\"\" width=\"630\" height=\"355\" srcset=\"https:\/\/przedszkole62.edu.wroclaw.pl\/wp-content\/uploads\/sites\/26\/2024\/01\/Zdjecie12-300x169.jpg 300w, https:\/\/przedszkole62.edu.wroclaw.pl\/wp-content\/uploads\/sites\/26\/2024\/01\/Zdjecie12-1024x576.jpg 1024w, https:\/\/przedszkole62.edu.wroclaw.pl\/wp-content\/uploads\/sites\/26\/2024\/01\/Zdjecie12-768x432.jpg 768w, https:\/\/przedszkole62.edu.wroclaw.pl\/wp-content\/uploads\/sites\/26\/2024\/01\/Zdjecie12-rotated.jpg 1334w\" sizes=\"auto, (max-width: 630px) 100vw, 630px\" \/>[\/vc_column_text][vc_column_text css_animation=&#8221;fadeInLeft&#8221;]W Przedszkolu nr 62 \u201eStumilowy Las\u201d realizowane s\u0105 zaj\u0119cia dodatkowe z uwzgl\u0119dnieniem potrzeb i mo\u017cliwo\u015bci rozwojowych dzieci. Zaj\u0119cia te dost\u0119pne s\u0105 dla ka\u017cdego dziecka ucz\u0119szczaj\u0105cego do przedszkola. Nale\u017c\u0105 do nich:<\/p>\n<p>\u2022 TERAPIA PEDAGOGICZNA<\/p>\n<p>\u2022 RYTMIKA<\/p>\n<p>\u2022 GIMNASTYKA KOREKCYJNA<\/p>\n<p>\u2022 TERAPIA PSYCHOLOGICZNA<\/p>\n<p>\u2022 MUZYKOTERAPIA<\/p>\n<p>\u2022 J\u0118ZYK ANGIELSKI[\/vc_column_text][vc_empty_space][vc_zigzag][vc_empty_space][\/vc_column][\/vc_row][vc_row][vc_column][\/vc_column][\/vc_row][vc_row][vc_column][vc_empty_space][vc_zigzag][vc_empty_space][vc_empty_space][vc_zigzag][vc_empty_space][\/vc_column][\/vc_row][vc_row][vc_column][vc_empty_space][vc_zigzag][vc_empty_space][\/vc_column][\/vc_row]<\/p>\n<\/div>","protected":false},"excerpt":{"rendered":"<p>[vc_row][vc_column][vc_column_text css_animation=&#8221;fadeInUp&#8221;]ZAJ\u0118CIA DODATKOWE [\/vc_column_text][vc_column_text css_animation=&#8221;fadeInLeft&#8221;]W Przedszkolu nr 62 \u201eStumilowy Las\u201d realizowane s\u0105 zaj\u0119cia dodatkowe z uwzgl\u0119dnieniem potrzeb i mo\u017cliwo\u015bci rozwojowych dzieci. Zaj\u0119cia te dost\u0119pne s\u0105 dla ka\u017cdego dziecka ucz\u0119szczaj\u0105cego do [&hellip;]<\/p>\n","protected":false},"author":15,"featured_media":0,"parent":0,"menu_order":0,"comment_status":"closed","ping_status":"closed","template":"page-templates\/page-full-width.php","meta":{"ngg_post_thumbnail":0,"footnotes":""},"class_list":["post-68","page","type-page","status-publish","hentry","clearfix"],"_links":{"self":[{"href":"https:\/\/przedszkole62.edu.wroclaw.pl\/index.php\/wp-json\/wp\/v2\/pages\/68","targetHints":{"allow":["GET"]}}],"collection":[{"href":"https:\/\/przedszkole62.edu.wroclaw.pl\/index.php\/wp-json\/wp\/v2\/pages"}],"about":[{"href":"https:\/\/przedszkole62.edu.wroclaw.pl\/index.php\/wp-json\/wp\/v2\/types\/page"}],"author":[{"embeddable":true,"href":"https:\/\/przedszkole62.edu.wroclaw.pl\/index.php\/wp-json\/wp\/v2\/users\/15"}],"replies":[{"embeddable":true,"href":"https:\/\/przedszkole62.edu.wroclaw.pl\/index.php\/wp-json\/wp\/v2\/comments?post=68"}],"version-history":[{"count":22,"href":"https:\/\/przedszkole62.edu.wroclaw.pl\/index.php\/wp-json\/wp\/v2\/pages\/68\/revisions"}],"predecessor-version":[{"id":2626,"href":"https:\/\/przedszkole62.edu.wroclaw.pl\/index.php\/wp-json\/wp\/v2\/pages\/68\/revisions\/2626"}],"wp:attachment":[{"href":"https:\/\/przedszkole62.edu.wroclaw.pl\/index.php\/wp-json\/wp\/v2\/media?parent=68"}],"curies":[{"name":"wp","href":"https:\/\/api.w.org\/{rel}","templated":true}]}}